, 47, 461
What are the prime factors of 1725181?
19, 29, 31, 101
List the prime factors of 769885.
5, 31, 4967
What are the prime factors of 14257673?
293, 48661
List the prime factors of 813532.
2, 203383
What are the prime factors of 581569?
53, 10973
What are the prime factors of 87861?
3, 29287
List the prime factors of 20688097.
20688097
What are the prime factors of 2027521?
347, 5843
What are the prime factors of 242036?
2, 60509
List the prime factors of 948106.
2, 23, 20611
What are the prime factors of 366001?
366001
What are the prime factors of 4251421?
19, 223759
List the prime factors of 19628122.
2, 9814061
What are the prime factors of 314195?
5, 7, 47, 191
What are the prime factors of 2910004?
2, 727501
What are the prime factors of 67584?
2, 3, 11
List the prime factors of 8500628.
2, 2125157
List the prime factors of 8397649.
13, 645973
What are the prime factors of 6628834?
2, 19, 174443
What are the prime factors of 720633?
3, 89, 2699
List the prime factors of 604825.
5, 13, 1861
What are the prime factors of 201012?
2, 3, 7, 2393
What are the prime factors of 5343907?
5343907
List the prime factors of 3536257.
3536257
What are the prime factors of 552365?
5, 11, 83
What are the prime factors of 2541130?
2, 5, 59, 73
List the prime factors of 7193508.
2, 3, 7, 29, 2953
List the prime factors of 4804620.
2, 3, 5, 80077
What are the prime factors of 17850691?
23, 776117
What are the prime factors of 17231341?
61, 282481
What are the prime factors of 1072781?
157, 6833
What are the prime factors of 3988923?
3, 367, 3623
What are the prime factors of 1273606?
2, 17, 47, 797
List the prime factors of 1257315.
3, 5, 109, 769
What are the prime factors of 2070174?
2, 3, 97, 3557
What are the prime factors of 68032?
2, 1063
What are the prime factors of 1258050?
2, 3, 5, 8387
What are the prime factors of 115474?
2, 57737
What are the prime factors of 3650331?
3, 1216777
What are the prime factors of 4333846?
2, 11, 196993
What are the prime factors of 551186?
2, 275593
What are the prime factors of 167219?
13, 19, 677
List the prime factors of 17656439.
17656439
What are the prime factors of 754357?
19, 39703
What are the prime factors of 3779684?
2, 109, 8669
List the prime factors of 24220.
2, 5, 7, 173
List the prime factors of 1634279.
1634279
What are the prime factors of 1500429?
3, 7, 59, 173
What are the prime factors of 4200847?
7, 571, 1051
What are the prime factors of 81171?
3, 29, 311
What are the prime factors of 9548218?
2, 149, 179
What are the prime factors of 73201?
71, 1031
List the prime factors of 1290229.
41, 31469
List the prime factors of 114284.
2, 28571
What are the prime factors of 27208327?
547, 49741
What are the prime factors of 6113279?
6113279
List the prime factors of 31875.
3, 5, 17
What are the prime factors of 138776?
2, 11, 19, 83
List the prime factors of 2032391.
31, 53, 1237
What are the prime factors of 355156?
2, 88789
List the prime factors of 2362080.
2, 3, 5, 7, 19, 37
What are the prime factors of 1080557?
1080557
What are the prime factors of 262773?
3, 7, 43, 97
What are the prime factors of 701585?
5, 140317
What are the prime factors of 2970656?
2, 13, 37, 193
What are the prime factors of 8710237?
29, 10357
List the prime factors of 1275623.
29, 43987
List the prime factors of 6975562.
2, 11, 317071
What are the prime factors of 1420435?
5, 17, 983
What are the prime factors of 1926610?
2, 5, 7, 17, 1619
What are the prime factors of 637535?
5, 127507
What are the prime factors of 4836916?
2, 7, 227, 761
What are the prime factors of 275566?
2, 211, 653
What are the prime factors of 32334819?
3, 11, 61, 16063
List the prime factors of 21037747.
31, 678637
What are the prime factors of 27949497?
3, 53, 175783
What are the prime factors of 2011644?
2, 3, 17, 19, 173
List the prime factors of 238132.
2, 37, 1609
List the prime factors of 14507390.
2, 5, 1450739
What are the prime factors of 10274322?
2, 3, 1712387
List the prime factors of 903543.
3, 301181
What are the prime factors of 558248?
2, 31, 2251
What are the prime factors of 139375?
5, 223
What are the prime factors of 323785?
5, 7, 11, 29
What are the prime factors of 735469?
7, 29, 3623
What are the prime factors of 132806?
2, 66403
List the prime factors of 251149.
251149
List the prime factors of 4024662.
2, 3, 670777
List the prime factors of 49936.
2, 3121
List the prime factors of 1243089.
3, 37, 3733
What are the prime factors of 889002?
2, 3, 101, 163
What are the prime factors of 13684526?
2, 113, 151, 401
List the prime factors of 1726991.
7, 246713
What are the prime factors of 29725160?
2, 5, 743129
List the prime factors of 39501086.
2, 19750543
What are the prime factors of 2770137?
3, 233, 1321
List the prime factors of 532359.
3, 19717
What are the prime factors of 11322114?
2, 3, 1887019
List the prime factors of 831710.
2, 5, 11, 7561
List the prime factors of 15610324.
2, 19, 205399
What are the prime factors of 1422213?
3, 13, 36467
What are the prime factors of 736923?
3, 11, 137, 163
List the prime factors of 16496110.
2, 5, 1649611
What are the prime factors of 4669015?
5, 13, 109, 659
List the prime factors of 226999.
53, 4283
List the prime factors of 395353.
7, 56479
What are the prime factors of 5985?
3, 5, 7, 19
What are the prime factors of 149112?
2, 3, 19, 109
What are the prime factors of 4450327?
7, 90823
List the prime factors of 3274815.
3, 5, 233, 937
What are the prime factors of 247749?
3, 269, 307
What are the prime factors of 3129656?
2, 23, 73, 233
What are the prime factors of 5832091?
59, 98849
What are the prime factors of 12966888?
2, 3, 11, 49117
What are the prime factors of 4795592?
2, 23, 67, 389
What are the prime factors of 302945?
5, 60589
List the prime factors of 2438042.
2, 19, 83, 773
What are the prime factors of 945133?
7, 135019
What are the prime factors of 173419?
37, 43, 109
What are the prime factors of 503055?
3, 5, 7, 1597
List the prime factors of 8152017.
3, 2717339
List the prime factors of 513918.
2, 3, 31, 307
List the prime factors of 311234.
2, 7, 11, 43, 47
What are the prime factors of 3822668?
2, 613, 1559
What are the prime factors of 137726?
2, 68863
List the prime factors of 4251342.
2, 3, 29, 53, 461
What are the prime factors of 2442428?
2, 31, 19697
List the prime factors of 618590.
2, 5, 7, 8837
List the prime factors of 18249362.
2, 37, 246613
What are the prime factors of 1409047?
41, 34367
What are the prime factors of 4136979?
3, 7, 11, 17909
List the prime factors of 5154319.
1103, 4673
List the prime factors of 44388.
2, 3, 137
What are the prime factors of 7514633?
7, 19, 56501
What are the prime factors of 2469974?
2, 13, 94999
What are the prime factors of 15785075?
5, 71, 8893
What are the prime factors of 1066538?
2, 11, 48479
List the prime factors of 27680.
2, 5, 173
List the prime factors of 80174.
2, 40087
List the prime factors of 130146.
2, 3, 109, 199
What are the prime factors of 80248?
2, 7, 1433
What are the prime factors of 1422294?
2, 3, 223, 1063
List the prime factors of 16245971.
7, 89, 293
What are the prime factors of 134044?
2, 23, 31, 47
What are the prime factors of 241613?
41, 71, 83
List the prime factors of 351671.
19, 83, 223
What are the prime factors of 84725?
5, 3389
List the prime factors of 1768456.
2, 443, 499
List the prime factors of 248653.
19, 23, 569
List the prime factors of 245423.
19, 12917
What are the prime factors of 73932?
2, 3, 61, 101
What are the prime factors of 493741?
23, 21467
List the prime factors of 21992458.
2, 17, 646837
List the prime factors of 825429.
3, 11, 25013
What are the prime factors of 179209?
179209
List the prime factors of 11140510.
2, 5, 23, 48437
List the prime factors of 19937770.
2, 5, 17, 117281
List the prime factors of 266479.
266479
What are the prime factors of 13174190?
2, 5, 1317419
What are the prime factors of 2544044?
2, 367, 1733
What are the prime factors of 5399744?
2, 7, 17, 709
List the prime factors of 675389.
11, 13, 4723
List the prime factors of 15604349.
29, 61, 8821
List the prime factors of 725964.
2, 3, 60497
List the prime factors of 121843.
121843
What are the prime factors of 758658?
2, 3, 126443
What are the prime factors of 